1 - (2 + -3).
1
Calculate 51 + -53 - (0 + -8).
6
What is (2 - -1) + -8 + 3?
-2
What is -6 + (-2 - -5 - 3 - -2)?
-4
Evaluate 9 - (-1 + (-1 - -5)).
6
What is the value of -2 + 2 + -1 + 0?
-1
Evaluate 2 + -6 - (-3 - 1 - -1).
-1
What is the value of -1 + 9 + -2 + (-19 - -15)?
2
Calculate -7 + 4 - (8 - 13).
2
Calculate (4 - 4) + -18 + 17.
-1
Evaluate -6 + 1 + -2 + 6 + 5.
4
Evaluate -2 - (7 + -6 + -5 + 1).
1
Evaluate (4 - (3 - 0)) + -5.
-4
What is the value of 9 - 8 - (0 + -1 - -8)?
-6
Evaluate 4 + 1 + 0 + 0.
5
Evaluate (-8 + 8 - 6) + -1.
-7
What is the value of (-7 - -3) + (0 - -7)?
3
Calculate (0 + 0 - -2) + 0 + 0.
2
1 - (7 - 4 - 1)
-1
What is (5 - 7) + 5 - (8 - 10)?
5
What is 7 + 3 - 3 - (-20 - -21)?
6
What is the value of -2 + (3 - 2) + -3?
-4
What is the value of (3 - 0) + -6 - -8?
5
Evaluate 0 - 3 - -5 - -4.
6
What is the value of 3 + -3 + 9 + -2?
7
Calculate 11 + (1 - (2 + 3)).
7
-10 - (6 + (8 - 19))
-5
Evaluate -12 + -6 + -11 + 23.
-6
-1 - (8 + 4 + -7)
-6
1 + (6 - (4 - 0))
3
What is the value of -2 - (-13 + 3) - (60 + -52)?
0
Evaluate -1 + 0 - -1 - -3 - -1.
4
What is the value of 1 - (5 - ((2 - 3) + 5))?
0
-10 + (-1 + 11 - -7)
7
Calculate -8 + (-10 - (-12 + -6)).
0
(7 - -3) + -7 - 2
1
Evaluate -1 + 3 - (16 - 9).
-5
What is the value of 0 - (11 - (-11 + 15))?
-7
Calculate (2 + 0 - 3 - -6) + -1.
4
Evaluate 0 + -4 + (242 - 227).
11
What is -6 + 8 - 0 - 9 - -7?
0
Calculate 2 + (-1 - -7 - -1).
9
What is the value of (3 - 1) + -43 + 35?
-6
Calculate -1 + (4 - (1 + 1) - 8).
-7
What is -1 - (4 - 8) - (7 + -2)?
-2
What is 7 + -10 + (3 - (-2 - -2))?
0
What is the value of -6 + (1 - 0) - -2?
-3
What is the value of 9 + -3 + (-4 - 3 - -3)?
2
Evaluate 6 + -4 + 0 + -2 + -3.
-3
Calculate 5 - ((10 - 6) + -6).
7
Calculate -1 + 0 + (-4 - -3).
-2
Calculate -3 + 7 + -4 - (0 - 0).
0
(-5 - 1) + 6 - -2 - -1
3
What is -36 + 30 - (-8 + -1)?
3
-5 + 11 + -5 - (-1 + -5)
7
Calculate 4 + -5 + 2 + 1 + 4.
6
Evaluate -12 + 16 - (2 - (-5 + 1)).
-2
Calculate 12 + -7 - (1 - (3 - 2)).
5
What is the value of -5 - (5 + -1 - 9)?
0
Calculate -7 - -10 - (-2 - (-8 + 1)).
-2
Evaluate 4 - 2 - (2 + -1) - 2.
-1
What is 1 + -5 + 0 + -1?
-5
Calculate -9 - -3 - (-3 + 2).
-5
2 + 0 + (-5 - (5 - 4))
-4
-5 + 16 + (3 - 8 - -5)
11
What is 7 + (-3 - (5 + -4))?
3
0 + 6 + (4 - 5)
5
-37 + 36 - (1 + -5)
3
What is the value of (0 - -12 - 9) + -7?
-4
Calculate 1 + 0 + 6 + -3 - 8.
-4
What is the value of 3 - (-1 + -3) - 11?
-4
Evaluate (0 - 3) + 4 + 2 + -5.
-2
What is the value of 3 + -5 + (7 - 1) - 4?
0
Evaluate -7 + (2 + -6 - (-41 - -33)).
-3
Calculate -1 - 2 - (5 - (1 + 7)).
0
What is the value of 1 + -1 + -2 - (-279 + 281)?
-4
What is the value of 0 + (2 - (-4 + 4))?
2
What is the value of -9 + 7 + 5 + -7?
-4
Evaluate 7 - (2 - (0 - 6)) - 8.
-9
What is 2 + (-1 + -4 - 0)?
-3
What is the value of -5 - -9 - (4 - -2) - 1?
-3
Evaluate 31 + -37 - (0 - 11).
5
3 - (0 - -2) - -3 - 0
4
Evaluate 2 - (1 - 1) - (26 - 29).
5
-3 - (0 + -2 - 2)
1
What is 68 - 73 - (0 + -7)?
2
Calculate -14 + 13 - (-1 + 3 - 0).
-3
Evaluate 0 + (3 - (9 + -4)).
-2
What is the value of (-3 - 9) + (3 - -3)?
-6
(-3 - 2) + (-13 - -6 - -10)
-2
What is 2 - (-4 - ((-5 - 1) + 1))?
1
What is 18 + -20 + 1 + 1?
0
-3 + (-8 - -4) - -4 - -1
-2
What is the value of -3 - (-10 + 11 + -6)?
2
Calculate 3 + -7 + 1 - -2.
-1
What is the value of -3 + -1 + -2 + 3 + 0?
-3
What is the value of 8 - 25 - -10 - 1?
-8
Calculate -2 + -11 + (-3 - 4) + 14.
-6
What is 0 - (2 + 4 + -1)?
-5
Evaluate (4 - (1 - 5)) + -2.
6
What is the value of 2 + 11 + -13 + -1?
-1
What is -4 - -1 - (-6 - 1)?
4
Evaluate (-15 - -14 - -14) + (1 - 5).
9
Calculate (-2 - -2) + -6 - (-2 - 0).
-4
What is the value of -2 - -2 - (-3 - -10 - 5)?
-2
Calculate 2 + (-6 - -4 - -9).
9
What is 7 + 0 + -15 + 10?
2
What is -14 + 12 - (5 + -12)?
5
Calculate (-5 - (4 + -5)) + -14 + 21.
3
Calculate 2 - (2 - -2) - -2 - -2.
2
Evaluate 3 - (-12 + 8 + 13).
-6
Calculate 53 + -39 - (6 + -1).
9
Calculate -3 + -11 + (6 - -2).
-6
What is the value of -6 - (-13 - (11 + -10))?
8
Calculate (15 - 5) + -2 + -6.
2
-3 + (5 + -6 - -3) - 5
-6
What is the value of (-2 - (6 - 4 - -3)) + 13?
6
Calculate 6 + 0 + (7 - 9) - 1.
3
0 - 0 - (-1 - (-3 + 3))
1
What is -85 - -80 - (-1 - -2)?
-6
Evaluate (-1 - 2 - -12) + (-5 - -3).
7
What is -2 + (9 - 2) - 5?
0
-5 - 1 - (-51 + 53)
-8
What is the value of (-18 - -17) + (-3 - -12)?
8
Calculate -10 + (-6 + 23 - 8).
-1
What is the value of 3 - (-6 + -8 + 22)?
-5
What is the value of 6 + -12 + 7 - (2 - 5)?
4
What is the value of 6 + -4 + -1 + (1 - 1)?
1
3 + -4 + 3 + (1 - 0)
3
What is the value of (-6 - (-12 - 2)) + -2?
6
(-2 - (-3 + 1)) + (-19 - -16)
-3
What is (3 - (-3 + -5)) + (-1 - 6)?
4
Calculate -88 + 82 + (5 - 1).
-2
Evaluate (0 - -8) + 0 + 6 + -11.
3
What is (-2 - (0 - 2)) + -4 + 4?
0
What is 2 - (-1 + -2 - (-10 + 1))?
-4
Evaluate 1 + (5 + 1 - (6 - 4)).
5
Evaluate 0 + 4 + -10 + 5.
-1
What is the value of 16 - (10 - 8 - -1 - -5)?
8
What is (-47 - -48) + (-1 - -2)?
2
Evaluate (4 - 4) + (-20 - -12).
-8
Calculate 5 + -4 + 8 + -10 + 3.
2
What is 0 + -10 + 7 + (13 - 13)?
-3
Evaluate 3 + 9 + (0 - 4).
8
What is the value of -3 + (2 - (-5 + -1))?
5
What is (0 - -2) + (-14 - -9)?
-3
Evaluate (-4 - (4 - 5 - 4)) + -5.
-4
(10 - (-10 + 23)) + -5
-8
What is the value of 7 + 0 - 0 - 8?
-1
What is -4 - (4 - (7 - -1))?
0
2 - -2 - (-10 - -18)
-4
What is -3 + (0 + 2 - (-9 - -2))?
6
0 + -5 + -3 + 13
5
What is the value of 0 + 1 - 0 - (-10 - -11)?
0
Calculate -145 + 139 + 1 + 2 + 0.
-3
What is (1 - 1) + (-6 - -15 - 6)?
3
Calculate 4 + -10 + (8 + -7 - -5).
0
Calculate 7 - (2 + -1 + 4 + -3).
5
Evaluate 1 - -6 - (-6 - -15).
-2
What is the value of -4 + 6 + (1 - 7) - -1?
-3
What is the value of 2 + -1 + 5 + -4?
2
What is -1 + 6 + -10 - 2?
-7
Calculate 1 + -4 + 0 + 5.
2
Calculate (-3 - 2 - -2) + 1.
-2
Calculate -5 - (-1 + -6 + -2) - 8.
-4
Evaluate -5 - ((5 - 6) + -2 + 0).
-2
Calculate 4 + (2 - (7 - 4)).
3
Evaluate -2 + -1 + -2 + 4 - -3.
2
Calculate -8 + 1 - (26 - 28).
-5
-2 + -2 + 1 + 1 + 2
0
Calculate 6 + (5 - (3 + 8)) + -7.
-7
What is (-10 + 1 - -5) + 1?
-3
What is (-3 - (5 + -17)) + -16?
-7
Calculate 8 - (8 + -12 - -3 - -8).
1
Evaluate -2 + (11 - 11) - 1.
-3
What is 0 + -2 + (1 - -6)?
5
4 + (-3 - -5) + -8 + 1
-1
What is the value of 2 + (-10 - (-4 - 1)) + 4?
1
1 - (2 - -1) - 3
-5
Calculate (-20 - -17) + (-1 - -4).
0
1 - 9 - (4 - 10)
-2
What is (3 - 1) + (20 - 25)?
-3
What is the value of (0 - 5) + (-101 - -102)?
-4
-2 + -3 + (-3 - -3)
-5
Evaluate 5 - (10 + 1 + -3 + -3).
0
What is the value of 8 + -6 + 2 + -18 + 7?
-7
What is the value of 1 + 9 - (64 - 51)?
-3
What is 19 + -11 - (-4 - 0 - -5)?
7
What is 4 + -15 + (7 - 1)?
-5
What is 2 - -3 - 5 - -3?
3
What is the value of 0 + (22 + -11 - (9 - 3))?
5
What is -147 - -149 - (2 - 0)?
0
What is (-2 - (-3 - 3)) + -10?
-6
What is 5 + 2 + -6 + -7 - -2?
-4
9 + -1 - (4 + 0 + -1)
5
What is the value of 7 - (73 - 62 - (4 - 0))?
0
What is -1 + -1 + (10 - 12) + 1?
-3
What is 6 - (1 + -2 + 0) - 2?
5
What is the value of -5 - (-3 + (-1 - 1)) - 0?
0
4 - ((1 - -1) + (-5 - -3))
4
Evaluate -8 + 0 - (-14 - (17 - 34)).
-11
Calculate 3 - (0 + 3 - -4 - 1).
-3
What is 2 - (0 - -2) - 4?
-4
Calculate 3 - ((-5 - -5 - 4) + 3).
4
Evaluate -1 + 2 + (-9 - -4) + 9.
5
-6 - 0 - (-26 - -26)
-6
Calculate -55 + 57 + -1 + (2 - 4).
-1
Evaluate 3 + 1 - ((3 - 6) + 7).
0
What is the value of -1 - 1 - (-25 + 28)?
-5
Calculate -4 + (1 - -1 - (45 - 45)).
-2
Evaluate 4 + (4 - 4) - 2.
2
2 + 5 + (-2 - (4 + -3))
4
What is the value of -6 - 10 - -6 - -8?
-2
What is the value of -1 + (6 - 4) + (1 - 9)?
-7
Calculate 0 + (0 - (5 - 8)).
3
Calculate -6 - (0 - (5 - 1) - 2).
0
What is 2 + (2 - 0) - (-1 + 4)?
1
Calculate 1 - ((1 - -3) + 1).
-4
Evaluate 0 - -6 - (2 - (1 + -3)).
2
Calculate 0 - ((-1 - 2) + -12 + 22).
-7
-1 + (7 - 4) + (2 - 1)
3
What is 2 + 4 + -2 + (6 - 7)?
3
What is the value of 4 + -6 + (3 - 9)?
-8
What is -17 + (4 - 0) + 22?
9
What is the value of (3 + -6 - -3) + 8 + -12?
-4
Evaluate 15 + -18 - (1 + 0 + 1).
-5
What is the value of 1 + (-10 + 5 - -1)?
-3
What is the value of -3 - (3 + 0) - (-2 - -1)?
-5
-1 - (-1 - (-7 + 7))
0
Evaluate 18 + (4 - 13) + -5.
4
What is the value of (-1 - -3 - 0) + (-4 - 2)?
-4
Evaluate 1 + -2 + 1 - 0.
0
Calculate -1 + 0 + 2 + (2 - 6).
-3
What is 10 - (-5 - (12 + -29))?
-2